{"id":577,"date":"2019-10-18T17:47:42","date_gmt":"2019-10-18T14:47:42","guid":{"rendered":"http:\/\/yeni.demirkayamuhendislik.com\/?post_type=product&#038;p=577"},"modified":"2019-10-18T17:47:42","modified_gmt":"2019-10-18T14:47:42","slug":"ved-e-seri-elektrikli-sofben","status":"publish","type":"product","link":"https:\/\/demirkayamuhendislik.com\/?product=ved-e-seri-elektrikli-sofben","title":{"rendered":"VED E Seri Elektrikli \u015eofben"},"content":{"rendered":"","protected":false},"excerpt":{"rendered":"<div class=\"productdetail--headlines\">\n<h2 data-index-field=\"meta_product_subheadline\">S\u0131cak su konforunuz i\u00e7in<\/h2>\n<\/div>\n<div class=\"productdetail--stage\">\n<div class=\"connected-carousels carousel-small carousel--navigation-miniature\">\n<div class=\"stage\">\n<div class=\"carousel carousel-stage\" data-jcarousel=\"true\" data-jcarouselautoscroll=\"true\">\n<ul class=\"jcarousel-list\">\n<li data-index-fields=\"meta_product_usps\">K\u00fc\u00e7\u00fck hacimde, y\u00fcksek s\u0131cak su konforu<\/li>\n<li data-index-fields=\"meta_product_usps\">Elektronik kullan\u0131m<\/li>\n<li data-index-fields=\"meta_product_usps\">Sadece i\u00e7me, kullanma suyu \u0131s\u0131t\u0131lmas\u0131 i\u00e7in ev i\u00e7i kullan\u0131m\u0131 ve benzeri yerlerde, donma tehlikesi olmayan kapal\u0131 hacimlerde kullan\u0131labilir.<\/li>\n<li data-index-fields=\"meta_product_usps\">Hem s\u0131va alt\u0131, hemde s\u0131va \u00fcst\u00fc \u015febekelerine ba\u011flanmaya uygundur.<\/li>\n<\/ul>\n<\/div>\n<\/div>\n<\/div>\n<\/div>\n","protected":false},"featured_media":579,"comment_status":"closed","ping_status":"closed","template":"","meta":[],"product_cat":[26],"product_tag":[],"aioseo_notices":[],"_links":{"self":[{"href":"https:\/\/demirkayamuhendislik.com\/index.php?rest_route=\/wp\/v2\/product\/577"}],"collection":[{"href":"https:\/\/demirkayamuhendislik.com\/index.php?rest_route=\/wp\/v2\/product"}],"about":[{"href":"https:\/\/demirkayamuhendislik.com\/index.php?rest_route=\/wp\/v2\/types\/product"}],"replies":[{"embeddable":true,"href":"https:\/\/demirkayamuhendislik.com\/index.php?rest_route=%2Fwp%2Fv2%2Fcomments&post=577"}],"wp:featuredmedia":[{"embeddable":true,"href":"https:\/\/demirkayamuhendislik.com\/index.php?rest_route=\/wp\/v2\/media\/579"}],"wp:attachment":[{"href":"https:\/\/demirkayamuhendislik.com\/index.php?rest_route=%2Fwp%2Fv2%2Fmedia&parent=577"}],"wp:term":[{"taxonomy":"product_cat","embeddable":true,"href":"https:\/\/demirkayamuhendislik.com\/index.php?rest_route=%2Fwp%2Fv2%2Fproduct_cat&post=577"},{"taxonomy":"product_tag","embeddable":true,"href":"https:\/\/demirkayamuhendislik.com\/index.php?rest_route=%2Fwp%2Fv2%2Fproduct_tag&post=577"}],"curies":[{"name":"wp","href":"https:\/\/api.w.org\/{rel}","templated":true}]}}